{"id":24,"date":"2018-01-20T11:30:21","date_gmt":"2018-01-20T11:30:21","guid":{"rendered":"http:\/\/islandpferdefreunde-zdm.net\/?page_id=24"},"modified":"2024-08-04T14:59:42","modified_gmt":"2024-08-04T14:59:42","slug":"geschichte","status":"publish","type":"page","link":"https:\/\/islandpferdefreunde-zdm.net\/?page_id=24","title":{"rendered":"Historie"},"content":{"rendered":"<p>Das Interesse f\u00fcr einen ganz besonderen vierbeinigen Exportartikel aus Island erwachte in Deutschland Ende der 1950er Jahre. Nachdem es zun\u00e4chst nur wenige Liebhaber dieser kleinen struppigen Rasse mit den seltsamen G\u00e4ngen gab, eroberten Isl\u00e4nder nach und nach die Herzen der Pferdefreunde. 1967 wurde der deutsche Islandpferde-Reiter und Z\u00fcchterverband IPZV gegr\u00fcndet, 1970 wurden die ersten T\u00f6ltmeisterschaften ausgerichtet. 18 Jahre sp\u00e4ter, am 22. Oktober 1988,\u00a0gr\u00fcndeten\u00a0neun Isi-Begeisterte den Verein \u201eIslandpferdefreunde Rantrum\u201c, die Urzelle unseres Vereins. Die Mitgliederzahlen stiegen stetig an. 1993 wechselte der Vereinssitz von Rantrum nach\u00a0Leck und schlie\u00dflich nach Flensburg. Der Verein erhielt den heute aktuellen Namen \u201eIslandpferdefreunde zwischen den Meeren e.V.\u201c.<\/p>\n<p>Inzwischen z\u00e4hlen wir rund 120 Mitglieder. Viele von uns sind Freizeitreiter und so mancher h\u00e4lt seine kleine Isi-Herde direkt auf dem eigenen Hof. Uns eint die Freude am Umgang mit Islandpferden.<\/p>\n\n\n<figure class=\"wp-block-image size-large\"><img loading=\"lazy\" decoding=\"async\" width=\"1024\" height=\"683\" src=\"http:\/\/islandpferdefreunde-zdm.net\/wp-content\/uploads\/2024\/08\/O9174378-Bearbeitet-1024x683.jpg\" alt=\"\" class=\"wp-image-1308\" srcset=\"https:\/\/islandpferdefreunde-zdm.net\/wp-content\/uploads\/2024\/08\/O9174378-Bearbeitet-1024x683.jpg 1024w, https:\/\/islandpferdefreunde-zdm.net\/wp-content\/uploads\/2024\/08\/O9174378-Bearbeitet-300x200.jpg 300w, https:\/\/islandpferdefreunde-zdm.net\/wp-content\/uploads\/2024\/08\/O9174378-Bearbeitet-768x512.jpg 768w, https:\/\/islandpferdefreunde-zdm.net\/wp-content\/uploads\/2024\/08\/O9174378-Bearbeitet-1536x1024.jpg 1536w, https:\/\/islandpferdefreunde-zdm.net\/wp-content\/uploads\/2024\/08\/O9174378-Bearbeitet-2048x1365.jpg 2048w\" sizes=\"auto, (max-width: 1024px) 100vw, 1024px\" \/><\/figure>\n","protected":false},"excerpt":{"rendered":"<p>Das Interesse f\u00fcr einen ganz besonderen vierbeinigen Exportartikel aus Island erwachte in Deutschland Ende der 1950er Jahre. Nachdem es zun\u00e4chst nur wenige Liebhaber dieser kleinen struppigen Rasse mit den seltsamen G\u00e4ngen gab, eroberten Isl\u00e4nder nach und nach die Herzen der Pferdefreunde. 1967 wurde der deutsche Islandpferde-Reiter und Z\u00fcchterverband IPZV gegr\u00fcndet, 1970 wurden die ersten T\u00f6ltmeisterschaften [&hellip;]<\/p>\n","protected":false},"author":1,"featured_media":0,"parent":2,"menu_order":0,"comment_status":"closed","ping_status":"closed","template":"","meta":{"footnotes":""},"class_list":["post-24","page","type-page","status-publish","hentry"],"_links":{"self":[{"href":"https:\/\/islandpferdefreunde-zdm.net\/index.php?rest_route=\/wp\/v2\/pages\/24","targetHints":{"allow":["GET"]}}],"collection":[{"href":"https:\/\/islandpferdefreunde-zdm.net\/index.php?rest_route=\/wp\/v2\/pages"}],"about":[{"href":"https:\/\/islandpferdefreunde-zdm.net\/index.php?rest_route=\/wp\/v2\/types\/page"}],"author":[{"embeddable":true,"href":"https:\/\/islandpferdefreunde-zdm.net\/index.php?rest_route=\/wp\/v2\/users\/1"}],"replies":[{"embeddable":true,"href":"https:\/\/islandpferdefreunde-zdm.net\/index.php?rest_route=%2Fwp%2Fv2%2Fcomments&post=24"}],"version-history":[{"count":5,"href":"https:\/\/islandpferdefreunde-zdm.net\/index.php?rest_route=\/wp\/v2\/pages\/24\/revisions"}],"predecessor-version":[{"id":1326,"href":"https:\/\/islandpferdefreunde-zdm.net\/index.php?rest_route=\/wp\/v2\/pages\/24\/revisions\/1326"}],"up":[{"embeddable":true,"href":"https:\/\/islandpferdefreunde-zdm.net\/index.php?rest_route=\/wp\/v2\/pages\/2"}],"wp:attachment":[{"href":"https:\/\/islandpferdefreunde-zdm.net\/index.php?rest_route=%2Fwp%2Fv2%2Fmedia&parent=24"}],"curies":[{"name":"wp","href":"https:\/\/api.w.org\/{rel}","templated":true}]}}