{"id":20,"date":"2018-01-20T11:29:50","date_gmt":"2018-01-20T11:29:50","guid":{"rendered":"http:\/\/islandpferdefreunde-zdm.net\/?page_id=20"},"modified":"2025-03-30T17:24:33","modified_gmt":"2025-03-30T17:24:33","slug":"kontakt","status":"publish","type":"page","link":"https:\/\/islandpferdefreunde-zdm.net\/?page_id=20","title":{"rendered":"Kontakt"},"content":{"rendered":"<p style=\"text-align: left;\" align=\"center\">Islandpferdefreunde zwischen den Meeren e.V.<br \/>Maybritt B\u00f6rner<br \/>Osterende 19<br \/>25881 Tating<br \/>Tel. 0151-51844484<\/p>\n<p style=\"text-align: left;\" align=\"center\">E-Mail:\u00a0May_gracia[at]web.de<\/p>\n<hr \/>\n<p><em>Weiterverbreitung in jedem Medium in Teilen oder als Ganzes bedarf der schriftlichen Zustimmung des\u00a0<b>IPF zwischen den Meeren e.V.\u00a0<\/b>F\u00fcr den Fall, dass im Onlineangebot\u00a0www.islandpferdefreunde-zdm.net\u00a0unzutreffende Informationen ver\u00f6ffentlicht oder in Programmen oder Datenbanken Fehler enthalten sein sollten, kommt eine Haftung nur bei grober Fahrl\u00e4ssigkeit der Mitarbeiter in Betracht. Die Redaktion \u00fcbernimmt keine Haftung f\u00fcr unverlangt eingesandte Manuskripte, Fotos und Illustrationen. F\u00fcr Inhalte externer Seiten, auf die von www.islandpferdefreunde-zdm.net aus gelinkt wird, \u00fcbernimmt der\u00a0<b>IPF zwischen den Meeren e.V.<\/b>\u00a0keine Verantwortung.<\/em><\/p>\n\n\n<figure class=\"wp-block-image aligncenter size-medium is-style-default\"><img loading=\"lazy\" decoding=\"async\" width=\"300\" height=\"294\" src=\"http:\/\/islandpferdefreunde-zdm.net\/wp-content\/uploads\/2020\/10\/2B5B2ADC-95D8-4EA6-8787-325822820000-300x294.jpeg\" alt=\"\" class=\"wp-image-698\" srcset=\"https:\/\/islandpferdefreunde-zdm.net\/wp-content\/uploads\/2020\/10\/2B5B2ADC-95D8-4EA6-8787-325822820000-300x294.jpeg 300w, https:\/\/islandpferdefreunde-zdm.net\/wp-content\/uploads\/2020\/10\/2B5B2ADC-95D8-4EA6-8787-325822820000-1024x1003.jpeg 1024w, https:\/\/islandpferdefreunde-zdm.net\/wp-content\/uploads\/2020\/10\/2B5B2ADC-95D8-4EA6-8787-325822820000-768x752.jpeg 768w, https:\/\/islandpferdefreunde-zdm.net\/wp-content\/uploads\/2020\/10\/2B5B2ADC-95D8-4EA6-8787-325822820000-1536x1504.jpeg 1536w, https:\/\/islandpferdefreunde-zdm.net\/wp-content\/uploads\/2020\/10\/2B5B2ADC-95D8-4EA6-8787-325822820000-2048x2006.jpeg 2048w, https:\/\/islandpferdefreunde-zdm.net\/wp-content\/uploads\/2020\/10\/2B5B2ADC-95D8-4EA6-8787-325822820000-600x588.jpeg 600w, https:\/\/islandpferdefreunde-zdm.net\/wp-content\/uploads\/2020\/10\/2B5B2ADC-95D8-4EA6-8787-325822820000-945x925.jpeg 945w\" sizes=\"auto, (max-width: 300px) 100vw, 300px\" \/><\/figure>\n","protected":false},"excerpt":{"rendered":"<p>Islandpferdefreunde zwischen den Meeren e.V.Maybritt B\u00f6rnerOsterende 1925881 TatingTel. 0151-51844484 E-Mail:\u00a0May_gracia[at]web.de Weiterverbreitung in jedem Medium in Teilen oder als Ganzes bedarf der schriftlichen Zustimmung des\u00a0IPF zwischen den Meeren e.V.\u00a0F\u00fcr den Fall, dass im Onlineangebot\u00a0www.islandpferdefreunde-zdm.net\u00a0unzutreffende Informationen ver\u00f6ffentlicht oder in Programmen oder Datenbanken Fehler enthalten sein sollten, kommt eine Haftung nur bei grober Fahrl\u00e4ssigkeit der Mitarbeiter in Betracht. [&hellip;]<\/p>\n","protected":false},"author":1,"featured_media":0,"parent":0,"menu_order":0,"comment_status":"closed","ping_status":"closed","template":"","meta":{"footnotes":""},"class_list":["post-20","page","type-page","status-publish","hentry"],"_links":{"self":[{"href":"https:\/\/islandpferdefreunde-zdm.net\/index.php?rest_route=\/wp\/v2\/pages\/20","targetHints":{"allow":["GET"]}}],"collection":[{"href":"https:\/\/islandpferdefreunde-zdm.net\/index.php?rest_route=\/wp\/v2\/pages"}],"about":[{"href":"https:\/\/islandpferdefreunde-zdm.net\/index.php?rest_route=\/wp\/v2\/types\/page"}],"author":[{"embeddable":true,"href":"https:\/\/islandpferdefreunde-zdm.net\/index.php?rest_route=\/wp\/v2\/users\/1"}],"replies":[{"embeddable":true,"href":"https:\/\/islandpferdefreunde-zdm.net\/index.php?rest_route=%2Fwp%2Fv2%2Fcomments&post=20"}],"version-history":[{"count":12,"href":"https:\/\/islandpferdefreunde-zdm.net\/index.php?rest_route=\/wp\/v2\/pages\/20\/revisions"}],"predecessor-version":[{"id":1527,"href":"https:\/\/islandpferdefreunde-zdm.net\/index.php?rest_route=\/wp\/v2\/pages\/20\/revisions\/1527"}],"wp:attachment":[{"href":"https:\/\/islandpferdefreunde-zdm.net\/index.php?rest_route=%2Fwp%2Fv2%2Fmedia&parent=20"}],"curies":[{"name":"wp","href":"https:\/\/api.w.org\/{rel}","templated":true}]}}