{"id":1209,"date":"2024-08-11T16:17:53","date_gmt":"2024-08-11T16:17:53","guid":{"rendered":"http:\/\/islandpferdefreunde-zdm.net\/?page_id=1209"},"modified":"2024-08-12T17:47:10","modified_gmt":"2024-08-12T17:47:10","slug":"datenschutzerklaerung-des-vereins-islandpferdefreunde-zischen-den-meeren-e-v","status":"publish","type":"page","link":"https:\/\/islandpferdefreunde-zdm.net\/?page_id=1209","title":{"rendered":"Datenschutzerkl\u00e4rung des Vereins Islandpferdefreunde zwischen den Meeren e.V."},"content":{"rendered":"\n<p><strong>1. Einf\u00fchrung und Rechtsgrundlagen<\/strong><\/p>\n\n\n\n<p>F\u00fcr den Verein Islandpferdefreunde zwischen den Meeren e.V. hat der Datenschutz einen besonders hohen Stellenwert. Eine Nutzung der Angebote ist ohne Namensnennung m\u00f6glich. Sofern jedoch jemand ein spezielles Angebot \u00fcber unsere Internetseite in Anspruch nehmen m\u00f6chte, k\u00f6nnte die Verarbeitung personenbezogener Daten erforderlich werden. Sobald dies erforderlich wird, holen wir eine Einwilligung der betroffenen Person ein.<\/p>\n\n\n\n<p>Die Verarbeitung personenbezogener Daten durch unseren Verein erfolgt im Einklang mit den gesetzlichen Bestimmungen. In dieser Datenschutzerkl\u00e4rung informieren wir die \u00d6ffentlichkeit \u00fcber Art, Umfang und Zweck der Verarbeitung personenbezogenen Daten, sofern sie von uns durchgef\u00fchrt werden. Dar\u00fcber hinaus kl\u00e4ren wir betroffene Personen hiermit \u00fcber die ihnen zustehenden Rechte auf.<\/p>\n\n\n\n<p>Grunds\u00e4tzlich setzen wir die uns zur Verf\u00fcgung stehenden technischen und organisatorischen M\u00f6glichkeiten und Ma\u00dfnahmen ein, um f\u00fcr einen m\u00f6glichst l\u00fcckenlosen Schutz personenbezogener Daten zu sorgen. Wir weisen jedoch darauf hin, dass Daten\u00fcbertragungen via Internet dennoch Sicherheitsl\u00fccken aufweisen k\u00f6nnen: ein absoluter Schutz kann daher nicht gew\u00e4hrleistet werden. Wir weisen daher auf die M\u00f6glichkeit hin, personenbezogene Daten zum Beispiel auch telefonisch oder per Postversand zu \u00fcbermitteln.<\/p>\n\n\n\n<p>Die folgenden Punkte richten sich im Wesentlichen nach der Europ\u00e4ischen Datenschutz-Grundverordnung DS-GVO und nach den gesetzlichen Bestimmungen in Deutschland. \u00dcber die unten genannten Punkte hinaus verweisen wir insbesondere auf das Artikel 6 I lit. f DS-GVO:<\/p>\n\n\n\n<p>\u201e\u2026 die Verarbeitung ist zur Wahrung der berechtigten Interessen des Verantwortlichen oder eines Dritten erforderlich, sofern nicht die Interessen oder Grundrechte und Grundfreiheiten der betroffenen Person, die den Schutz personenbezogener Daten erfordern, \u00fcberwiegen, insbesondere dann, wenn es sich bei der betroffenen Person um ein Kind handelt.\u201c<\/p>\n\n\n\n<p>Auf eine an anderen Stellen bereits ausf\u00fchrlich dargestellten Begriffsbestimmungen verzichten wir.<\/p>\n\n\n\n<p><strong>2. Name und Kontaktdaten der Verantwortlichen<\/strong><\/p>\n\n\n\n<p><strong>Verein Islandpferdefreunde zwischen den Meeren e.V.<\/strong><\/p>\n\n\n\n<p>Vorsitzende des Vereins: Maybritt B\u00f6rner<\/p>\n\n\n\n<p>Osterende 19<br>25881 Tating<br>Tel: 0151 51844484<\/p>\n\n\n\n<p>E-Mail: info@islandpferdefreunde-zdm.net<\/p>\n\n\n\n<p><strong>3. Kontaktm\u00f6glichkeiten<\/strong><\/p>\n\n\n\n<p>Unser Internetauftritt verf\u00fcgt \u00fcber M\u00f6glichkeiten, die eine schnelle elektronische Kontaktaufnahme zu unserem Verein sowie eine unmittelbare Kommunikation mit uns erm\u00f6glichen, dies beinhaltet anklickbare E-Mail-Adressen. Im Falle eines entsprechenden freiwilligen und demnach gew\u00fcnschten Kontakts werden die von der betroffenen Person \u00fcbermittelten personenbezogenen Daten automatisch gespeichert und anschlie\u00dfend f\u00fcr Zwecke der Bearbeitung oder der Kontaktaufnahme verwendet. Dabei erfolgt jedoch keine Weitergabe dieser personenbezogenen Daten an Dritte.<\/p>\n\n\n\n<p><strong>4. Erfassung von allgemeinen Daten und Informationen<\/strong><\/p>\n\n\n\n<p>Der Verein Islandpferdefreunde zwischen den Meeren e.V. erhebt und speichert automatisch in ihren Server Log Files Informationen, die der Browser des Besuchers der Seiten an uns \u00fcbermittelt. Diese Speicherung dient ausschlie\u00dflich internen systembezogenen sowie statistischen Zwecken. Dies sind:<\/p>\n\n\n\n<ul class=\"wp-block-list\">\n<li>Browsertyp und Browserversion,<\/li>\n\n\n\n<li>das von der betroffenen Person verwendete Betriebssystem,<\/li>\n\n\n\n<li>Refer URL, also die zuvor besuchte Seite,<\/li>\n\n\n\n<li>die \u201eUnterwebseiten\u201c, die \u00fcber ein zugreifendes System auf unserer Internetseite angesteuert werden,<\/li>\n\n\n\n<li>Hostname des zugreifenden Rechners \/ IP-Adresse,<\/li>\n\n\n\n<li>Name der jeweils abgerufenen Datei,<\/li>\n\n\n\n<li>die \u00fcbertragene Datenmenge,<\/li>\n\n\n\n<li>Meldung \u00fcber erfolgreichen Abruf,<\/li>\n\n\n\n<li>anfragende Domain,<\/li>\n\n\n\n<li>Datum und Uhrzeit der Serveranfrage,<\/li>\n\n\n\n<li>der Internet-Service-Provider des zugreifenden Systems<\/li>\n<\/ul>\n\n\n\n<p>sowie \u00e4hnliche Daten und Informationen, die unter anderem der Gefahrenabwehr im Falle von Angriffen auf unsere informationstechnologischen Systeme dienen.<\/p>\n\n\n\n<p>Die Daten der Server-Logfiles werden getrennt von allen personenbezogenen Daten gespeichert. Eine Zusammenf\u00fchrung dieser Daten mit anderen Datenquellen wird nicht vorgenommen. Insofern sind all diese Daten f\u00fcr den Verein Islandpferdefreunde zwischen den Meeren e.V. nicht bestimmten Personen zuordenbar.<\/p>\n\n\n\n<p>Wir ben\u00f6tigen die Logfiles und ihre Auswertung zum einen um die Qualit\u00e4t der Website aufrechterhalten zu k\u00f6nnen und die Funktionsf\u00e4higkeit zu erhalten, zum anderen um z. B. Strafverfolgungsbeh\u00f6rden im Falle eines EDV-gest\u00fctzten Angriffs durch Dritte notwendigen Informationen bereitzustellen.<\/p>\n\n\n\n<p><strong>5. Einsatz von Tools zur Webanalyse<\/strong><\/p>\n\n\n\n<p>Unsere Website benutzt Google Analytics, einen Webanalysedienst der Google Inc. (www.google.de). Google Analytics verwendet sog. \u201eCookies\u201c (Siehe V.), die eine Analyse der Benutzung der Website erm\u00f6glichen. Die somit erzeugten Informationen \u00fcber die Benutzung dieser Website werden in der Regel an einen Server von Google in den USA \u00fcbertragen und dort gespeichert. Im Falle der Aktivierung der IP-Anonymisierung auf dieser Webseite, wird Ihre IP-Adresse von Google jedoch innerhalb von Mitgliedstaaten der Europ\u00e4ischen Union oder in anderen Vertragsstaaten des Abkommens \u00fcber den Europ\u00e4ischen Wirtschaftsraum zuvor gek\u00fcrzt. Nur in Ausnahmef\u00e4llen wird die volle IP-Adresse an einen Server von Google in den USA \u00fcbertragen und dort gek\u00fcrzt. Die IP-Anonymisierung ist auf dieser Website aktiv. Im Auftrag des Betreibers dieser Website wird Google diese Informationen benutzen, um Ihre Nutzung der Website auszuwerten, um Reports \u00fcber die Websiteaktivit\u00e4ten zusammenzustellen und um weitere mit der Websitenutzung und der Internetnutzung verbundene Dienstleistungen gegen\u00fcber dem Websitebetreiber zu erbringen. Die im Rahmen von Google Analytics von Ihrem Browser \u00fcbermittelte IP-Adresse wird nicht mit anderen Daten von Google zusammengef\u00fchrt. Im Zusammenhang mit dem Nicht-Zulassen oder L\u00f6schen von Cookies gelten die Anmerkungen von Abschnitt V. dieser Datenschutzerkl\u00e4rung. Au\u00dferdem k\u00f6nnen Nutzer die Verarbeitung der Daten durch Google verhindern, indem sie das unter dem folgenden Link verf\u00fcgbare Browser-Plug-In herunterladen und installieren: http:\/\/tools.google.com\/dlpage\/gaoptout?hl=de<\/p>\n\n\n\n<p><strong>6. Automatische Datenl\u00f6schung<\/strong><\/p>\n\n\n\n<p>Wir speichern personenbezogene Daten nur f\u00fcr den Zeitraum, der n\u00f6tig ist, um den Speicherungszwecks zu erf\u00fcllen oder aber um gesetzlichen Vorschriften zu gen\u00fcgen. Sollte der Speicherungszweck entfallen oder gesetzliche Fristen ablaufen, werden die Daten routinem\u00e4\u00dfig gel\u00f6scht.<\/p>\n\n\n\n<p><strong>7. Rechte der Nutzer unseres Internetauftritts (Betroffenenrechte)<\/strong><\/p>\n\n\n\n<p>Auskunft: Betroffene haben nach Artikel 15 DS \u2013 GVO das Recht, vom Verarbeiter Auskunft \u00fcber die bei ihm gespeicherten personenbezogenen Daten zu erhalten.<\/p>\n\n\n\n<p>Berichtigung: Sollten Betroffene feststellen, dass die \u00fcber sie gespeicherten personenbezogenen Daten falsch sind, m\u00fcssen diese nach Artikel 16 DS \u2013 GVO berichtigt werden.<\/p>\n\n\n\n<p>L\u00f6schung (\u201eRecht auf vergessen werden\u201c): Betroffene haben nach Artikel 17 DS \u2013 GVO das Recht, die L\u00f6schung ihrer Daten zu verlangen. Eine L\u00f6schung ist allerdings nur dann zul\u00e4ssig, wenn dem keine gesetzlichen Aufbewahrungsfristen entgegenstehen.<\/p>\n\n\n\n<p>Einschr\u00e4nkung der Verarbeitung: In bestimmten F\u00e4llen (z. B. wenn sich Betroffene und Datenverarbeiter nicht einig sind, ob die gespeicherten Daten richtig sind) haben Sie nach Artikel 18 DS \u2013 GVO ein Recht auf Einschr\u00e4nkung der Verarbeitung.<\/p>\n\n\n\n<p>Widerspruch: Sie k\u00f6nnen gem\u00e4\u00df Artikel 21 DS \u2013 GVO der Verarbeitung Ihrer personenbezogenen Daten jederzeit mit Wirkung f\u00fcr die Zukunft widersprechen. Bitte beachten Sie, dass sie bei Widerspruch von f\u00fcr die Nutzung unseres Angebotes erforderlichen Pflichtangaben das Angebot nicht mehr nutzen k\u00f6nnen.<\/p>\n\n\n\n<p>Daten\u00fcbertragbarkeit: Nach Artikel 20 DS \u2013 GVO besteht bei bestimmten Verarbeitungen ein Anspruch auf Daten\u00fcbertragbarkeit. Diese betrifft nur Daten, die auf Basis einer Einwilligung oder zur Vertragserf\u00fcllung erhoben wurden.<\/p>\n\n\n\n<p>Wenn Sie von Ihren Betroffenenrechten Gebrauch machen m\u00f6chten, wenden Sie sich bitte pers\u00f6nlich oder schriftlich die Verantwortlichen des Vereins Islandpferdefreunde zwischen den Meeren e.V..<\/p>\n\n\n\n<p>Beschwerderecht: Sie sind berechtigt, bei der zust\u00e4ndigen Datenschutzaufsichtsbeh\u00f6rde Beschwerde einzureichen.<\/p>\n\n\n\n<p>Die zust\u00e4ndige Aufsichtsbeh\u00f6rde ist:<\/p>\n\n\n\n<p>ULD \u2013 Unabh\u00e4ngiges Landeszentrum f\u00fcr Datenschutz Schleswig-Holstein<\/p>\n\n\n\n<p>Postfach 71 16<\/p>\n\n\n\n<p>24171 Kiel<\/p>\n\n\n\n<p>Telefon: 0431 988 \u2013 1200<\/p>\n\n\n\n<p>Fax: 0431 988-1223<\/p>\n\n\n\n<p>E-Mail: mail@datenschutzzentrum.de<\/p>\n\n\n\n<p>Webseite: www.datenschutzzentrum.de<\/p>\n\n\n\n<p><strong>8. Dauer der Speicherung personenbezogener Daten<\/strong><\/p>\n\n\n\n<p>Die Speicherung von personenbezogenen Daten erfolgt entsprechend der jeweiligen gesetzlichen Aufbewahrungsfrist, sofern es eine solche Frist gibt. Nach Ablauf der Frist \u2013 oder sobald die nicht fristgebundenen Daten nicht mehr dem Zweck der Erhebung entsprechend ben\u00f6tigt werden \u2013 werden die personenbezogenen Daten gel\u00f6scht, sofern sie nicht mehr zur Vertragserf\u00fcllung oder aber zu einer Vertragsanbahnung erforderlich sind.<\/p>\n\n\n\n<p>Verein Islandpferdefreunde zwischen den Meeren e.V.<\/p>\n\n\n\n<p>11.8.24<\/p>\n","protected":false},"excerpt":{"rendered":"<p>1. Einf\u00fchrung und Rechtsgrundlagen F\u00fcr den Verein Islandpferdefreunde zwischen den Meeren e.V. hat der Datenschutz einen besonders hohen Stellenwert. Eine Nutzung der Angebote ist ohne Namensnennung m\u00f6glich. Sofern jedoch jemand ein spezielles Angebot \u00fcber unsere Internetseite in Anspruch nehmen m\u00f6chte, k\u00f6nnte die Verarbeitung personenbezogener Daten erforderlich werden. Sobald dies erforderlich wird, holen wir eine Einwilligung [&hellip;]<\/p>\n","protected":false},"author":1,"featured_media":0,"parent":0,"menu_order":0,"comment_status":"closed","ping_status":"closed","template":"","meta":{"footnotes":""},"class_list":["post-1209","page","type-page","status-publish","hentry"],"_links":{"self":[{"href":"https:\/\/islandpferdefreunde-zdm.net\/index.php?rest_route=\/wp\/v2\/pages\/1209","targetHints":{"allow":["GET"]}}],"collection":[{"href":"https:\/\/islandpferdefreunde-zdm.net\/index.php?rest_route=\/wp\/v2\/pages"}],"about":[{"href":"https:\/\/islandpferdefreunde-zdm.net\/index.php?rest_route=\/wp\/v2\/types\/page"}],"author":[{"embeddable":true,"href":"https:\/\/islandpferdefreunde-zdm.net\/index.php?rest_route=\/wp\/v2\/users\/1"}],"replies":[{"embeddable":true,"href":"https:\/\/islandpferdefreunde-zdm.net\/index.php?rest_route=%2Fwp%2Fv2%2Fcomments&post=1209"}],"version-history":[{"count":4,"href":"https:\/\/islandpferdefreunde-zdm.net\/index.php?rest_route=\/wp\/v2\/pages\/1209\/revisions"}],"predecessor-version":[{"id":1429,"href":"https:\/\/islandpferdefreunde-zdm.net\/index.php?rest_route=\/wp\/v2\/pages\/1209\/revisions\/1429"}],"wp:attachment":[{"href":"https:\/\/islandpferdefreunde-zdm.net\/index.php?rest_route=%2Fwp%2Fv2%2Fmedia&parent=1209"}],"curies":[{"name":"wp","href":"https:\/\/api.w.org\/{rel}","templated":true}]}}